hat is the remainder when 216477 is divided by 330?
327
Calculate the remainder when 7344 is divided by 1223.
6
Calculate the remainder when 10407 is divided by 1482.
33
What is the remainder when 161671 is divided by 78?
55
Calculate the remainder when 3793735 is divided by 398.
397
Calculate the remainder when 736735 is divided by 92.
91
What is the remainder when 26033 is divided by 57?
41
What is the remainder when 660324 is divided by 4051?
11
What is the remainder when 13867 is divided by 27?
16
What is the remainder when 5453 is divided by 1753?
194
Calculate the remainder when 317963 is divided by 49.
2
What is the remainder when 698135 is divided by 12?
11
Calculate the remainder when 170463 is divided by 113.
59
What is the remainder when 5224 is divided by 773?
586
What is the remainder when 333083 is divided by 333082?
1
Calculate the remainder when 4391 is divided by 1122.
1025
What is the remainder when 7497 is divided by 7324?
173
Calculate the remainder when 35072 is divided by 205.
17
What is the remainder when 30169 is divided by 1774?
11
What is the remainder when 74248 is divided by 14847?
13
What is the remainder when 11771 is divided by 318?
5
Calculate the remainder when 14660 is divided by 2059.
247
What is the remainder when 10410 is divided by 1030?
110
Calculate the remainder when 18515 is divided by 18.
11
What is the remainder when 2339 is divided by 160?
99
Calculate the remainder when 1189924 is divided by 892.
888
Calculate the remainder when 586 is divided by 113.
21
What is the remainder when 268978 is divided by 265?
3
What is the remainder when 5860 is divided by 293?
0
Calculate the remainder when 3447 is divided by 33.
15
Calculate the remainder when 1224373 is divided by 251.
246
Calculate the remainder when 3929 is divided by 1303.
20
Calculate the remainder when 108734 is divided by 16.
14
What is the remainder when 8984 is divided by 2941?
161
Calculate the remainder when 257980 is divided by 6292.
8
What is the remainder when 221928 is divided by 41?
36
Calculate the remainder when 86596 is divided by 10.
6
Calculate the remainder when 5230 is divided by 1302.
22
What is the remainder when 6968155 is divided by 10?
5
Calculate the remainder when 11859 is divided by 844.
43
Calculate the remainder when 410 is divided by 123.
41
What is the remainder when 572218 is divided by 9?
7
What is the remainder when 81234 is divided by 61?
43
What is the remainder when 21858 is divided by 24?
18
Calculate the remainder when 206202 is divided by 68722.
36
What is the remainder when 190218 is divided by 163?
160
What is the remainder when 13115 is divided by 202?
187
Calculate the remainder when 27401 is divided by 279.
59
What is the remainder when 1769 is divided by 125?
19
Calculate the remainder when 19248 is divided by 175.
173
What is the remainder when 83746 is divided by 16743?
31
Calculate the remainder when 3771 is divided by 801.
567
Calculate the remainder when 27338 is divided by 68.
2
What is the remainder when 134933 is divided by 47?
43
Calculate the remainder when 561040 is divided by 46752.
16
Calculate the remainder when 29330 is divided by 2646.
224
What is the remainder when 1554 is divided by 260?
254
Calculate the remainder when 216505 is divided by 36075.
55
What is the remainder when 21851 is divided by 624?
11
Calculate the remainder when 32838 is divided by 18.
6
What is the remainder when 32610 is divided by 54?
48
What is the remainder when 58980 is divided by 226?
220
Calculate the remainder when 10958 is divided by 144.
14
Calculate the remainder when 7173 is divided by 2382.
27
What is the remainder when 44046 is divided by 531?
504
What is the remainder when 13382 is divided by 6668?
46
Calculate the remainder when 7246 is divided by 804.
10
What is the remainder when 2972 is divided by 186?
182
Calculate the remainder when 789565 is divided by 69.
67
Calculate the remainder when 51023 is divided by 12733.
91
Calculate the remainder when 17249 is divided by 1567.
12
What is the remainder when 1942 is divided by 18?
16
Calculate the remainder when 4217 is divided by 44.
37
What is the remainder when 76651 is divided by 17?
15
What is the remainder when 25964 is divided by 12954?
56
What is the remainder when 6391 is divided by 47?
46
Calculate the remainder when 9667 is divided by 175.
42
Calculate the remainder when 16456 is divided by 48.
40
What is the remainder when 4557 is divided by 12?
9
Calculate the remainder when 2773 is divided by 499.
278
What is the remainder when 4948593 is divided by 34?
29
Calculate the remainder when 306201 is divided by 102065.
6
What is the remainder when 12360 is divided by 104?
88
Calculate the remainder when 32765 is divided by 331.
327
What is the remainder when 313009 is divided by 609?
592
Calculate the remainder when 673727 is divided by 352.
351
Calculate the remainder when 327777 is divided by 23412.
9
Calculate the remainder when 7582 is divided by 1488.
142
Calculate the remainder when 514338 is divided by 30254.
20
What is the remainder when 324182 is divided by 81041?
18
What is the remainder when 6164423 is divided by 648?
647
What is the remainder when 14973 is divided by 16?
13
What is the remainder when 22823 is divided by 2074?
9
Calculate the remainder when 194794 is divided by 14.
12
Calculate the remainder when 11890 is divided by 2319.
295
Calculate the remainder when 18795 is divided by 3130.
15
Calculate the remainder when 66528 is divided by 201.
198
Calculate the remainder when 12172 is divided by 714.
34
Calculate the remainder when 167343 is divided by 172.
159
Calculate the remainder when 84979 is divided by 8496.
19
Calculate the remainder when 79393 is divided by 100.
93
What is the remainder when 1835 is divided by 893?
49
What is the remainder when 15879 is divided by 41?
12
Calculate the remainder when 57328 is divided by 1683.
106
Calculate the remainder when 24017 is divided by 22.
15
What is the remainder when 49464 is divided by 16487?
3
Calculate the remainder when 859 is divided by 276.
31
Calculate the remainder when 93241 is divided by 85.
81
What is the remainder when 10579 is divided by 149?
0
Calculate the remainder when 16757 is divided by 8.
5
What is the remainder when 291289 is divided by 679?
677
Calculate the remainder when 1356402 is divided by 386.
384
Calculate the remainder when 1174 is divided by 294.
292
Calculate the remainder when 720 is divided by 233.
21
Calculate the remainder when 19745 is divided by 160.
65
Calculate the remainder when 111316 is divided by 152.
52
Calculate the remainder when 2117 is divided by 826.
465
Calculate the remainder when 92546 is divided by 91.
90
What is the remainder when 4011 is divided by 1605?
801
What is the remainder when 4635 is divided by 385?
15
What is the remainder when 13881 is divided by 50?
31
Calculate the remainder when 549527 is divided by 137.
20
Calculate the remainder when 5897 is divided by 374.
287
Calculate the remainder when 149008 is divided by 94.
18
Calculate the remainder when 96544 is divided by 88.
8
What is the remainder when 976971 is divided by 143?
138
Calculate the remainder when 3660 is divided by 1827.
6
What is the remainder when 7532 is divided by 22?
8
What is the remainder when 23204 is divided by 5784?
68
What is the remainder when 9584 is divided by 51?
47
Calculate the remainder when 101795 is divided by 46.
43
What is the remainder when 1929 is divided by 438?
177
Calculate the remainder when 4933 is divided by 21.
19
What is the remainder when 7539 is divided by 7531?
8
Calculate the remainder when 4855 is divided by 254.
29
What is the remainder when 12171 is divided by 1103?
38
Calculate the remainder when 22500 is divided by 3703.
282
What is the remainder when 1420907 is divided by 37?
33
Calculate the remainder when 12218 is divided by 260.
258
Calculate the remainder when 3110 is divided by 3101.
9
What is the remainder when 93664 is divided by 2?
0
Calculate the remainder when 1949 is divided by 317.
47
What is the remainder when 1241 is divided by 1163?
78
What is the remainder when 168249 is divided by 42?
39
What is the remainder when 42260 is divided by 374?
372
Calculate the remainder when 4979